2 - 19*y + 86. Let x be n(8). Let u(w) = x*q(w) + 5*c(w). Calculate u(4).
14
Let q(s) = -s**3 - 6*s**2 + s + 6. Let t be (6 - 2) + 0 + -3. Suppose -47 = u - 40. Let m = t + u. Determine q(m).
0
Let r = 2 + 0. Let u(h) be the first derivative of -h**2 + 2*h - 11844. Calculate u(r).
-2
Let j(p) = -2*p**2 - 1. Let x be (-316)/10 + 8/(-20). Let t(a) = 3*a**3 - 3*a**2 - 2*a + 1. Let c be t(-2). Let n = x - c. Give j(n).
-3
Let d = -216 + 224. Suppose -2 = -2*m - d, -2 = -2*o - 4*m. Let t(w) = w**3 - 7*w**2 - 4*w + 28. Determine t(o).
0
Let b(m) = -m**3 - 9*m**2 - 7. Suppose -22*r - 167 = 31. What is b(r)?
-7
Let u(b) = -7*b - 104. Let a be u(-18). Suppose 20 - a = -y. Let o(l) = -l**2 + 3*l + 1. Calculate o(y).
3
Let t(w) = -w**3 + 3*w**2 - w + 1. Suppose -2*n - 26 = -66. Suppose -g + o = 2*g - 12, -5*g + n = 3*o. Suppose 2*f + 5*u - 2 - g = 0, 0 = 5*u. Give t(f).
-2
Let f(l) = 23*l**3 + 28*l**3 - 131*l**2 - 2 - l - 52*l**3 + 130*l**2 + 1. Let v(t) = t + 11. Let q be v(-9). Suppose -q*a = -a. Give f(a).
-1
Suppose 5951 = 28*g + 1667. Let j(c) = g*c**2 - 4 + 0*c**3 - 21*c**3 - 154*c**2 + c + 5. What is j(-1)?
20
Let x(y) = -y**3 + y**2 - 12*y + 20. Let w(z) = -5*z**3 + 6*z**2 - 57*z + 101. Let o(c) = -6*w(c) + 29*x(c). Calculate o(8).
-10
Let q(w) = 2*w**2 - 2*w - 2. Let c(z) = 6*z**2 - 9*z + 5. Let a(y) = 3*y**2 - 8*y + 5. Let o(n) = -3*a(n) + 2*c(n). Let m(p) = o(p) - q(p). Calculate m(-8).
-3
Let u(f) be the third derivative of -f**7/2520 + f**6/80 + 7*f**5/120 - 17*f**4/8 - 55*f**2. Let y(h) be the second derivative of u(h). What is y(5)?
27
Let o(h) be the second derivative of 0 - 2*h**2 + 1/6*h**3 + 95*h + 1/12*h**4. Give o(-3).
2
Suppose 48*m - 38*m = -60. Let b(s) be the second derivative of -1/2*s**2 + 0 - 1/3*s**4 + 4/3*s**3 - 1/20*s**5 - 6*s. Determine b(m).
23
Let m(j) = j - 2. Let v(b) be the second derivative of -2*b**3/3 - 11*b**2/2 + 29*b. Let r be v(-2). Determine m(r).
-5
Let r(s) = s**2 + 8*s + 6. Suppose -46 = -2*v + 18. Let u = v - 22. Let g(c) = c**2 - 9*c - 16. Let n be g(u). Calculate r(n).
-6
Let p(b) = -b**2 - 69*b + 216. Suppose 0 = 4*i - 6*i - 133 - 11. What is p(i)?
0
Let k(d) be the third derivative of -d**6/120 - d**5/60 + d**4/4 - d**3/6 + 77*d**2. Give k(3).
-19
Suppose 5*r + 9 = 2*f + 8, -16 = -r - 5*f. Let d(k) = k**2 + k - 3. Determine d(r).
-1
Let s(j) = -8*j + 377. Let h(a) = 4*a - 171. Let i(g) = 13*h(g) + 6*s(g). Calculate i(-5).
19
Let q(u) = -17*u - 14. Let w(r) = 8*r + 7. Let d(f) = -6*q(f) - 13*w(f). Suppose 284 = a - t, a + 10*t - 264 = 15*t. Let g = a - 294. Determine d(g).
3
Let u(l) = l**3 - l**2 + l + 8. Suppose 10*g = -31*g + 7298. Let v = g - 178. What is u(v)?
8
Let w(h) = -h + 2. Let f(c) = c**2 - 8*c + 9. Let k be f(8). Suppose -75 + k = -3*m. Suppose -1 = -3*l - m. What is w(l)?
9
Let t be ((-12675)/715)/(3/2) + 2/(-11). Let x(r) = r**2 + 6*r - 86. Determine x(t).
-14
Let g(j) = -73*j - 1. Let t be (1/5)/(57/(-285)). What is g(t)?
72
Let b(s) = 41*s**2 - 9 - 2*s - 108*s**2 + 30*s**2 + 34*s**2. Give b(-5).
-74
Let k(j) = -8*j. Let u be 2/10 - 11/55. Suppose 4*i + u = 20. Suppose 0 = -i*a - z - 5 + 14, -17 = -a - 4*z. Determine k(a).
-8
Let v(k) = 3*k**2 - 83*k + 491. Let a be v(9). Let w(n) = -n**3 - 11*n**2 + 25*n - 16. Calculate w(a).
-3
Let f(c) = 15*c**2 - c - 1. Suppose -2009*w + 2057*w = 48. Calculate f(w).
13
Let g(b) be the third derivative of b**6/360 + b**5/30 + b**4/24 + 23*b**3/6 - b**2 + 2*b. Let z(r) be the second derivative of g(r). What is z(-5)?
-6
Let v(r) = 7*r**3 - 20*r + 22. Let u(o) = -6*o**3 - o**2 + 18*o - 22. Let i(p) = 8*u(p) + 7*v(p). Give i(8).
10
Let d(g) = 18 - 87*g**2 - 16*g + 232*g**3 + 70*g**2 - 233*g**3. What is d(-16)?
18
Let z(q) = -18*q - 71. Let f be z(-4). Let l(n) = f - 7 + n + 0*n + 3. Give l(12).
9
Suppose -4*n + n - 6 = 0. Let t be 3 + (3/2 - n/4). Let k(p) = -4*p + 30 - 26 - 3*p + p**2. What is k(t)?
-6
Let o(q) = 1334 - 1092 - 47*q + 67*q. Determine o(-12).
2
Suppose 6*l = l - 4*u + 64, -2*l - 5*u + 12 = 0. Let v(n) = -15*n + 23 + n**3 - 240*n**2 + 225*n**2 - 41. Calculate v(l).
-2
Let a(p) = -p**2 + 12*p + 47. Let d = -260 + 275. Let c be a(d). Let s(k) = k**3 - 1 + 0*k + 0*k**2 + 2*k - 2*k**2. Give s(c).
3
Let z(a) = -8*a**3 + a**2 - a - 1. Suppose 3*q - 4*b - 9 = -3, -q + b = -3. Let g be (-52)/(q/27 + 7/9). Let r = 51 + g. What is z(r)?
9
Suppose 0 = 6*n - 154 - 308. Let y = -82 + n. Let b(h) = -h**3 - 5*h**2 - h - 1. Calculate b(y).
4
Let t(u) = 7*u**2 + 11*u + 1. Let j(s) = s**2 + 2*s + 1. Let w(x) = -6*j(x) + t(x). Let d(q) be the first derivative of w(q). Calculate d(-6).
-13
Suppose 25*f + 8 = c + 27*f, -c = -3*f + 2. Let x(d) be the first derivative of 5/3*d**3 - 18 + 3*d - 1/4*d**c + d**2. What is x(5)?
13
Let b(d) = -d**2 - 3*d - 1. Let i = 297 - 294. Suppose f + 2*u + 9 = 0, -12 = i*f - 2*f + 3*u. Give b(f).
-1
Suppose 0 = 2*a - 5*z - 15, -5*a + 3*z - z + 6 = 0. Let p(d) = a*d - 237 + 235 + d. Calculate p(2).
0
Let x(q) = 37 - 27*q + 37 - 5*q**2 - 72 + 7*q. Determine x(-4).
2
Suppose 5*b = 10*b + 5. Let h be 78/24 + -5 - b/(-4). Let i(f) = 4*f - 3*f + 4*f**2 + f**3 + 6 - 5. Determine i(h).
7
Let q(p) be the third derivative of p**4/24 + 19*p**3/3 + 6455*p**2. Determine q(-15).
23
Let u(c) = c**2 - c - 29. Let x(k) = -k**2 - 9*k + 18. Let t be x(-11). Let g(m) = m**3 + 4*m**2 + m + 4. Let q be g(t). Determine u(q).
-29
Let x(o) be the second derivative of -o**5/10 - 73*o**4/12 + 9*o**3/2 - 365*o**2/2 - 8034*o. What is x(-37)?
5
Let s(q) = -2*q**2 + 3*q + 2. Let t = -100 - -75. Let u = 27 + t. Suppose -8*l + 26 = u. Determine s(l).
-7
Let b(q) be the first derivative of 1/3*q**3 + 2*q - 48 - 3*q**2. Calculate b(6).
2
Let f(n) = -n**3 - 15. Suppose 3*c = -14*c. Determine f(c).
-15
Let l(d) = d**2 + 39 + 25 - 63 + 2*d. Let v(o) = 7*o**2 + 20*o + 13. Let a(p) = 6*l(p) - v(p). Give a(-6).
5
Let o(i) = 7*i + 3. Suppose 206*q = 2*p + 210*q - 2, 0 = -p + 5*q - 6. What is o(p)?
-4
Let l(f) be the second derivative of -f**3/6 - 2*f**2 + 79*f + 3. What is l(0)?
-4
Let t(c) = -c**2 - 2*c + 24. Suppose 5*l + 9*l - 55 = 3*l. What is t(l)?
-11
Suppose -4*r = 9 + 3. Let i(n) be the first derivative of -5*n**2/2 + 3*n + 3175. Calculate i(r).
18
Let g(k) = k**2 - 3. Suppose 5*q = -8*q + 247. Let w(n) = 2*n - 36. Let r be w(q). Determine g(r).
1
Let v be (-92)/(-14) + ((-18)/42)/(-1). Let t(l) = -3*l**2 + 12*l - 18. Let m(k) = 5*k**2 - 23*k + 33. Let p(a) = v*t(a) + 4*m(a). Calculate p(-6).
18
Let g(q) = -19*q + 12. Let c be (50 - 48)/(6 - (2 + 2)). What is g(c)?
-7
Let w be 55/(-13) + (-87)/(-377). Let r(t) = 2*t - 9. Let j(q) = q - 5. Let m(v) = 11*j(v) - 6*r(v). Calculate m(w).
3
Let k(v) = 1202322*v - 601161*v - 601162*v - 64. Calculate k(-20).
-44
Let v(u) = u + 6. Let m(s) = -3*s - 17. Let q(i) = -3*m(i) - 8*v(i). Let d = -457 + 670. Let o = d + -208. Give q(o).
8
Let j(y) = -y**2 - y. Let w be j(0). Let k(o) = -34 + w*o - o + 2*o + 21. Let u(i) = 9*i + 81. Let x be u(-9). Give k(x).
-13
Let t(p) = -14*p**3 + 5*p**2 - 44. Let y(l) = -5*l**3 + l**2 - 15. Let b be (-18)/(27/9) - -17. Let m(i) = b*y(i) - 4*t(i). Calculate m(9).
11
Let t(m) = m**3 - 11*m**2 - 5*m + 24. Let s = -5649 - -5660. Calculate t(s).
-31
Let c(k) = -k + 1. Let t(n) = 12*n + 24. Let y(q) = -8*q - 15. Let d(a) = 5*t(a) + 8*y(a). Let p(w) = 4*c(w) - 2*d(w). What is p(-5)?
-16
Let q(f) = -2*f**2 - 31*f - 16. Let h(o) = 3*o**2 + 47*o + 25. Suppose -70 = -5*k - 45. Let d(z) = k*h(z) + 8*q(z). Determine d(-10).
27
Let g be 5 + -1 - (-9 + -2). Let z(c) be the first derivative of g - 1/3*c**3 - 3*c**2 + 0*c. Calculate z(-5).
5
Suppose -2*o = -5*s + 2, -4*o - 2*s + 10 = -10. Let n be 1/(5 - (0 + 1)*o). Let h(q) = 7*q**3 + q**2 - 1. What is h(n)?
7
Let v(y) = y**2 - 4. Let d(q) = 2*q**2 - 3*q - 1. Suppose 0 = -18*n + 20*n + 4. Let w be d(n). Suppose 9*x - w*x = 0. Determine v(x).
-4
Let x(q) = -26*q**2 + 153*q - 128. Let u be x(5). Let o(w) = -3*w**3 - 40*w**2 - 12*w + 15. What is o(u)?
2
Let a(c) = -c**3 + 8*c**2 - 3*c + 18. Let k be (-1)/((5/(-30))/((-34)/(-6))). Suppose -49*l + k*l + 120 = 0. Give a(l).
-6
Let d(a) = 4*a**2 + 3*a. Let m = -590 + 515. Let v be (-120)/m - 3/5. Give d(v).
7
Let b(s) = -5*s**3 - s**2 - 2*s + 3. Let a(y) = y**2 - 6. Let v be a(2). Let g be 2/(3 + (v - (-4 + 